{"id":265,"date":"2014-06-11T16:39:29","date_gmt":"2014-06-11T14:39:29","guid":{"rendered":"http:\/\/www.acypal.com\/WPEC\/?page_id=265"},"modified":"2014-07-22T15:09:11","modified_gmt":"2014-07-22T13:09:11","slug":"actualidad","status":"publish","type":"page","link":"http:\/\/www.acypal.com\/WPEC\/actualidad\/","title":{"rendered":"Actualidad"},"content":{"rendered":"<div id=\"pl-265\"  class=\"panel-layout\" ><div id=\"pg-265-0\"  class=\"panel-grid panel-no-style\" ><div id=\"pgc-265-0-0\"  class=\"panel-grid-cell\" >\n\t\t<div id=\"panel-265-0-0-0\" class=\"so-panel widget widget_recent-posts widget_recent_entries panel-first-child panel-last-child\" data-index=\"0\" >\n\t\t<h3 class=\"widget-title\">\u00daltimas noticias<\/h3>\n\t\t<ul>\n\t\t\t\t\t\t\t\t\t\t\t<li>\n\t\t\t\t\t<a href=\"http:\/\/www.acypal.com\/WPEC\/1461\/\">Apoya el Comercio Local !!<\/a>\n\t\t\t\t\t\t\t\t\t\t\t<span class=\"post-date\">lunes, 23 abril, 2018<\/span>\n\t\t\t\t\t\t\t\t\t<\/li>\n\t\t\t\t\t\t\t\t\t\t\t<li>\n\t\t\t\t\t<a href=\"http:\/\/www.acypal.com\/WPEC\/acompananos-este-fin-de-semana-en-la-feria-del-libro-de-alfafar\/\">Acomp\u00e1\u00f1anos este fin de semana en la Feria del Libro de Alfafar<\/a>\n\t\t\t\t\t\t\t\t\t\t\t<span class=\"post-date\">mi\u00e9rcoles, 11 abril, 2018<\/span>\n\t\t\t\t\t\t\t\t\t<\/li>\n\t\t\t\t\t\t\t\t\t\t\t<li>\n\t\t\t\t\t<a href=\"http:\/\/www.acypal.com\/WPEC\/premios-mujer-emprendedora-2018-%f0%9f%8f\/\">Premios Mujer Emprendedora 2018<\/a>\n\t\t\t\t\t\t\t\t\t\t\t<span class=\"post-date\">martes, 13 marzo, 2018<\/span>\n\t\t\t\t\t\t\t\t\t<\/li>\n\t\t\t\t\t\t\t\t\t\t\t<li>\n\t\t\t\t\t<a href=\"http:\/\/www.acypal.com\/WPEC\/ven-y-participa-felicidades-a-todos-los-padres\/\">Ven y participa !! Felicidades a todos los padres !!<\/a>\n\t\t\t\t\t\t\t\t\t\t\t<span class=\"post-date\">martes, 13 marzo, 2018<\/span>\n\t\t\t\t\t\t\t\t\t<\/li>\n\t\t\t\t\t\t\t\t\t\t\t<li>\n\t\t\t\t\t<a href=\"http:\/\/www.acypal.com\/WPEC\/en-san-valentin-enamorate-con-acypal\/\">En San Valent\u00edn, enam\u00f3rate con Acypal..<\/a>\n\t\t\t\t\t\t\t\t\t\t\t<span class=\"post-date\">lunes, 5 febrero, 2018<\/span>\n\t\t\t\t\t\t\t\t\t<\/li>\n\t\t\t\t\t\t\t\t\t\t\t<li>\n\t\t\t\t\t<a href=\"http:\/\/www.acypal.com\/WPEC\/papa-noel-paseo-por-alfafar-y-visito-nuestros-comercios-que-bien-lo-pasamos\/\">Pap\u00e1 Noel pase\u00f3 por Alfafar y visit\u00f3 nuestros comercios. Que bien lo pasamos!<\/a>\n\t\t\t\t\t\t\t\t\t\t\t<span class=\"post-date\">mi\u00e9rcoles, 27 diciembre, 2017<\/span>\n\t\t\t\t\t\t\t\t\t<\/li>\n\t\t\t\t\t\t\t\t\t\t\t<li>\n\t\t\t\t\t<a href=\"http:\/\/www.acypal.com\/WPEC\/en-estas-fiestas-estamos-mas-cerca-que-nunca-descubre-lo-que-tenemos-para-ti\/\">En estas Fiestas, estamos mas cerca que nunca !! Descubre lo que tenemos para ti !<\/a>\n\t\t\t\t\t\t\t\t\t\t\t<span class=\"post-date\">lunes, 11 diciembre, 2017<\/span>\n\t\t\t\t\t\t\t\t\t<\/li>\n\t\t\t\t\t<\/ul>\n\n\t\t<\/div><\/div><\/div><div id=\"pg-265-1\"  class=\"panel-grid panel-no-style\" ><div id=\"pgc-265-1-0\"  class=\"panel-grid-cell\" ><div id=\"panel-265-1-0-0\" class=\"so-panel widget widget_categories panel-first-child panel-last-child\" data-index=\"1\" ><h3 class=\"widget-title\">Categorias<\/h3>\n\t\t\t<ul>\n\t\t\t\t\t<li class=\"cat-item cat-item-1\"><a href=\"http:\/\/www.acypal.com\/WPEC\/category\/sin-categoria\/\">Sin categor\u00eda<\/a> (7)\n<\/li>\n\t\t\t<\/ul>\n\n\t\t\t<\/div><\/div><div id=\"pgc-265-1-1\"  class=\"panel-grid-cell\" ><div id=\"panel-265-1-1-0\" class=\"so-panel widget widget_archives widget_archive panel-first-child panel-last-child\" data-index=\"2\" ><h3 class=\"widget-title\">Archivo de noticias<\/h3>\n\t\t\t<ul>\n\t\t\t\t\t<li><a href='http:\/\/www.acypal.com\/WPEC\/2018\/04\/'>abril 2018<\/a>&nbsp;(2)<\/li>\n\t<li><a href='http:\/\/www.acypal.com\/WPEC\/2018\/03\/'>marzo 2018<\/a>&nbsp;(2)<\/li>\n\t<li><a href='http:\/\/www.acypal.com\/WPEC\/2018\/02\/'>febrero 2018<\/a>&nbsp;(1)<\/li>\n\t<li><a href='http:\/\/www.acypal.com\/WPEC\/2017\/12\/'>diciembre 2017<\/a>&nbsp;(2)<\/li>\n\t\t\t<\/ul>\n\n\t\t\t<\/div><\/div><\/div><div id=\"pg-265-2\"  class=\"panel-grid panel-no-style\" ><div id=\"pgc-265-2-0\"  class=\"panel-grid-cell\" ><div id=\"panel-265-2-0-0\" class=\"so-panel widget panel-first-child panel-last-child\" data-index=\"3\" ><\/div><\/div><\/div><\/div>","protected":false},"excerpt":{"rendered":"<p>\u00daltimas noticias Apoya el Comercio Local !! lunes, 23 abril, 2018 Acomp\u00e1\u00f1anos este fin de semana en la Feria del Libro de Alfafar mi\u00e9rcoles, 11 abril, 2018 Premios Mujer Emprendedora 2018 martes, 13 marzo, 2018 Ven y participa !! Felicidades a todos los padres !! martes, 13 marzo, 2018 En San Valent\u00edn, enam\u00f3rate con Acypal.. [&hellip;]<\/p>\n","protected":false},"author":1,"featured_media":0,"parent":0,"menu_order":0,"comment_status":"closed","ping_status":"open","template":"full_width.php","meta":{"ngg_post_thumbnail":0,"_themeisle_gutenberg_block_has_review":false,"footnotes":""},"_links":{"self":[{"href":"http:\/\/www.acypal.com\/WPEC\/wp-json\/wp\/v2\/pages\/265"}],"collection":[{"href":"http:\/\/www.acypal.com\/WPEC\/wp-json\/wp\/v2\/pages"}],"about":[{"href":"http:\/\/www.acypal.com\/WPEC\/wp-json\/wp\/v2\/types\/page"}],"author":[{"embeddable":true,"href":"http:\/\/www.acypal.com\/WPEC\/wp-json\/wp\/v2\/users\/1"}],"replies":[{"embeddable":true,"href":"http:\/\/www.acypal.com\/WPEC\/wp-json\/wp\/v2\/comments?post=265"}],"version-history":[{"count":17,"href":"http:\/\/www.acypal.com\/WPEC\/wp-json\/wp\/v2\/pages\/265\/revisions"}],"predecessor-version":[{"id":697,"href":"http:\/\/www.acypal.com\/WPEC\/wp-json\/wp\/v2\/pages\/265\/revisions\/697"}],"wp:attachment":[{"href":"http:\/\/www.acypal.com\/WPEC\/wp-json\/wp\/v2\/media?parent=265"}],"curies":[{"name":"wp","href":"https:\/\/api.w.org\/{rel}","templated":true}]}}